27569 a composite number?
True
Is 90677 composite?
False
Is 77543 a composite number?
False
Is 48799 a prime number?
True
Is 395 prime?
False
Is 38587 a prime number?
False
Is 369751 a composite number?
False
Is 12049 composite?
False
Is 407447 a prime number?
False
Is 2618587 composite?
False
Is 146635 composite?
True
Is 3407 prime?
True
Is 165311 a prime number?
True
Is 993 a prime number?
False
Is 17527 prime?
False
Is 199261 a composite number?
False
Is 6805 a prime number?
False
Is 8947 composite?
True
Is 27611 a prime number?
True
Is 218357 a composite number?
False
Is 5261 composite?
False
Is 386329 prime?
True
Is 147491 a composite number?
True
Is 21551 prime?
False
Is 9181 a prime number?
True
Is 36077 a prime number?
False
Is 169307 a prime number?
True
Is 771143 composite?
False
Is 1940353 a composite number?
True
Is 148747 prime?
True
Is 21766 a prime number?
False
Is 1174 prime?
False
Is 7993 prime?
True
Is 13381 prime?
True
Is 298 composite?
True
Is 219577 a composite number?
False
Is 252509 a composite number?
False
Is 373 prime?
True
Is 117851 a prime number?
True
Is 108973 composite?
True
Is 317 composite?
False
Is 14038 prime?
False
Is 9753 a prime number?
False
Is 379 a prime number?
True
Is 15595 prime?
False
Is 9501 a composite number?
True
Is 436591 a prime number?
True
Is 346913 composite?
True
Is 1342241 a prime number?
True
Is 4271 prime?
True
Is 13603 a composite number?
True
Is 291211 a composite number?
True
Is 8209 prime?
True
Is 26449 prime?
True
Is 1409 a composite number?
False
Is 126943 a prime number?
True
Is 3457 a composite number?
False
Is 23663 composite?
False
Is 802231 composite?
False
Is 2300357 prime?
True
Is 13283 a prime number?
False
Is 29195 a prime number?
False
Is 59989 a prime number?
False
Is 2995411 a composite number?
False
Is 280607 composite?
False
Is 31587 composite?
True
Is 2909 a prime number?
True
Is 432049 prime?
False
Is 204559 prime?
False
Is 822517 composite?
False
Is 3371 composite?
False
Is 102461 a prime number?
True
Is 1691 composite?
True
Is 1979773 composite?
False
Is 2605 prime?
False
Is 11153 composite?
True
Is 12047 prime?
False
Is 2319 a composite number?
True
Is 452989 prime?
True
Is 15193 prime?
True
Is 128959 a composite number?
False
Is 5251 a prime number?
False
Is 40231 a prime number?
True
Is 3028063 a prime number?
True
Is 34819 prime?
True
Is 3057 a prime number?
False
Is 388727 composite?
False
Is 792101 composite?
False
Is 4699807 a composite number?
True
Is 557077 a composite number?
True
Is 1973 a composite number?
False
Is 2970349 a composite number?
True
Is 16489 a composite number?
True
Is 17707 a prime number?
True
Is 16333 a prime number?
True
Is 911993 a prime number?
False
Is 413723 composite?
True
Is 3793 a composite number?
False
Is 77137 prime?
True
Is 667 composite?
True
Is 10151 a composite number?
False
Is 8153 prime?
False
Is 56063 prime?
False
Is 12605 a composite number?
True
Is 7901 a prime number?
True
Is 34519 prime?
True
Is 33227 a prime number?
False
Is 47681 composite?
False
Is 5353949 a prime number?
True
Is 8714 a composite number?
True
Is 19253 prime?
False
Is 679843 prime?
True
Is 8335 composite?
True
Is 26171 a composite number?
False
Is 25985 a composite number?
True
Is 221785 prime?
False
Is 877 a prime number?
True
Is 146161 composite?
False
Is 32749 composite?
False
Is 96109 prime?
False
Is 712574 a prime number?
False
Is 1759 prime?
True
Is 19567 a composite number?
True
Is 92271 prime?
False
Is 46619 prime?
True
Is 123599 composite?
True
Is 6103 a composite number?
True
Is 127157 a composite number?
False
Is 7706 composite?
True
Is 713299 a prime number?
False
Is 3348763 composite?
True
Is 16729 a composite number?
False
Is 53791 a prime number?
True
Is 74402 a composite number?
True
Is 101037 composite?
True
Is 1378289 composite?
True
Is 9239 a prime number?
True
Is 4507 a prime number?
True
Is 9439 composite?
False
Is 23599 a composite number?
False
Is 10559 a prime number?
True
Is 693223 prime?
True
Is 160978 composite?
True
Is 16669 a prime number?
False
Is 278 composite?
True
Is 26293 composite?
False
Is 23497 composite?
False
Is 1623 composite?
True
Is 5087 prime?
True
Is 260041 a composite number?
True
Is 2767 prime?
True
Is 16271 composite?
True
Is 3491 a prime number?
True
Is 80623 a composite number?
True
Is 13453 a prime number?
False
Is 26321 prime?
True
Is 42979 prime?
True
Is 51151 a composite number?
False
Is 9229 prime?
False
Is 283937 a composite number?
False
Is 263363 a composite number?
True
Is 10007 prime?
True
Is 191657 composite?
False
Is 1594 composite?
True
Is 185243 composite?
False
Is 28151 prime?
True
Is 56807 composite?
False
Is 163 a prime number?
True
Is 82235 composite?
True
Is 48299 a prime number?
True
Is 11689 a composite number?
False
Is 2085673 prime?
True
Is 404597 prime?
True
Is 2927 a composite number?
False
Is 6073 composite?
False
Is 460139 a prime number?
False
Is 92611 a prime number?
False
Is 1657 composite?
False
Is 52667 a composite number?
False
Is 1541 composite?
True
Is 21389 prime?
False
Is 202789 composite?
True
Is 1437691 composite?
False
Is 81131 a composite number?
False
Is 6623 composite?
True
Is 5507 composite?
False
Is 1477 a composite number?
True
Is 791657 a prime number?
True
Is 34171 a prime number?
True
Is 3061 a composite number?
False
Is 2243 a prime number?
True
Is 213013 a prime number?
False
Is 55343 composite?
False
Is 92023 composite?
True
Is 4871 a composite number?
False
Is 28787 composite?
True
Is 12783 a prime number?
False
Is 15073 composite?
False
Is 121379 prime?
True
Is 143137 a composite number?
False
Is 28201 composite?
False
Is 1654922 prime?
False
Is 340559 a prime number?
True
Is 10301 composite?
False
Is 1481395 composite?
True
Is 869 a composite number?
True
Is 13199 a prime number?
False
Is 71011 prime?
True
Is 643463 a composite number?
False
Is 200567 a prime number?
False
Is 2319841 composite?
False
Is 32017 composite?
True
Is 609071 a prime number?
True
Is 42061 composite?
False
Is 479 composite?
False
Is 915433 prime?
False
Is 13309 composite?
False
Is 228527 prime?
False
Is 67153 composite?
False
Is 28511 prime?
False
Is 87287 prime?
False
Is 27451 a prime number?
False
Is 14281 a prime number?
True
Is 2232349 a prime number?
False
Is 920807 a composite number?
False
Is 65167 a prime number?
True
Is 802801 prime?
False
Is 2503 prime?
True
Is 2751293 a prime number?
True
Is 4783 composite?
False
Is 524459 composite?
True
Is 21283 a prime number?
True
Is 286403 composite?
True
Is 657158 a composite number?
True
Is 91681 prime?
False
Is 719 a prime number?
True
Is 21001 a prime number?
True
Is 1722647 prime?
True
Is 341305 a composite number?
True
Is 320921 composite?
True
Is 32441 composite?
False
Is 76441 a prime number?
True
Is 1939 composite?
True
Is 307771 a composite number?
True
Is 15871 composite?
True
Is 64903 prime?
False
Is 4621 prime?
True
Is 9643 prime?
True
Is 89785 a composite number?
True
Is 23267 a composite number?
True
Is 430259 a composite number?
False
Is 2363 composite?
True
Is 21179 a prime number?
True
Is 87221 a composite number?
False
Is 38053 a prime number?
True
Is 107923 prime?
True
Is 275887 prime?
False
Is 2627 a composite number?
True
Is 8191 a prime number?
True
Is 260921 a prime number?
True
Is 658457 prime?
False
Is 4783 a composite number?
False
Is 1367993 composite?
True
Is 366931 composite?
True
Is 247771 prime?
True
Is 4637 prime?
True
Is 33071 a prime number?
True
Is 3587511 a prime number?
False
Is 33809 composite?
False
Is 1777 a composite number?
False
Is 144773 a prime number?
True
Is 75291 a prime number?
False
Is 12097 a prime number?
True
Is 20469 a prime number?
False
Is 722713 composite?
False
Is 169063 prime?
True
Is 21985 a composite number?
True
Is 7993 a prime number?
True
Is 361751 prime?
False
Is 170633 prime?
True
Is 4157591 prime?
True
Is 220027 prime?
False
Is 477131 prime?
True
Is 223018 prime?
False
Is 379705 composite?
True
Is 466329 prime?
False
Is 27682 composite?
True
Is 47053 a prime number?
False
Is 146719 a composite number?
False
Is 39143 prime?
False
Is 686102 a composite number?
True
Is 7411 a prime number?
True
Is 974003 prime?
True
Is 12263 prime?
True
Is 12853 a p